 p**2 - 4*p - 6. Let d be t(6). Is 1147/d + 3/(-18) prime?
True
Let g = 20871 + -13709. Is g a prime number?
False
Let g(p) = -p**3 - 7*p**2 - 8*p - 9. Let z be g(-6). Suppose 0*r - 596 = -z*k - 4*r, -r = -k + 187. Suppose -2593 = -5*b + k. Is b a prime number?
True
Suppose -f = -3 + 2. Let s = f + -4. Let i(o) = 9*o**2 - 2*o - 2. Is i(s) prime?
False
Suppose 964310 = 203*k - 193*k. Is k prime?
True
Let n(z) = -18*z**2 - z + 437. Is n(0) a prime number?
False
Suppose 13*s = 6*s + 784. Let o = s - -22. Is o prime?
False
Let l = -3329 + 8709. Suppose 5*b - l = b. Is b a prime number?
False
Let r = -78 + 124. Let g = r - -182. Suppose 4*y + 39 = s, 4*s + y - g = -y. Is s a prime number?
False
Suppose 95 = -7*u + 8*u. Suppose -u = -c + 636. Suppose -c - 324 = -5*z. Is z a composite number?
False
Let s be 2/(3*(-2)/(-12)). Suppose 6 = -0*x - 3*x, s*j - 1144 = -2*x. Is j a prime number?
False
Let c(w) = 74*w**2 + 0*w + 12*w**2 + 3*w - 12 + 0*w. Is c(5) a composite number?
False
Let s be (5/3)/((-2)/(-6)). Suppose 4*b - 5*i + 12 = 0, -3*i + 1 + 11 = 0. Suppose 8*j - 54 = -b*f + 3*j, s*j + 205 = 5*f. Is f a composite number?
False
Let d be ((-1168)/(-12) - -2)*36. Suppose 0 = -10*v + 2*v + d. Is v a composite number?
True
Suppose l - 4*l = -5*i + 33, -l = i - 5. Suppose -i*g + 3*g - 9 = 0. Is 2/g - (-2872)/24 a composite number?
True
Let k(d) = -d**2 - 24*d - 24. Let f be k(-23). Is (-1*7)/f*(708 + 1) a composite number?
True
Let z(u) = -u + 4. Let q be z(0). Let t be (-2 - -3)*q*-1. Is 762/t*(-7 - -5) a composite number?
True
Let p(i) = -61*i + 10. Suppose 0 = -b + 5, n - 5*n - 3*b = 1. Is p(n) a prime number?
False
Let q = 5 - 1. Suppose -2*y = 3*u - 8*u - 1287, y - 4*u = 645. Suppose a + 2564 = 5*a - 3*g, -q*g + y = a. Is a composite?
False
Let l be (-198)/(-11)*(-32)/(-6). Let q = l + 137. Is q a composite number?
False
Suppose 3*s + s = 3*n + 9, -5*s - n - 3 = 0. Let c(h) = h + 187. Is c(s) a composite number?
True
Is (-7414)/4*(-11 + 9) prime?
False
Let o = -20 - -21. Let s be o*-1 - (-12 + 12). Is s/(0 + (-4)/1484) a prime number?
False
Let v(m) = 2*m**2 - 4*m + 6. Let x be (6/8)/(4/16). Let n be v(x). Is (3/2)/(n/1072) composite?
True
Let k = -11690 - -21561. Is k prime?
True
Let c(x) = x**3 - 24*x**2 + 8*x + 44. Is c(29) a prime number?
True
Let u(g) = 25*g**2 - 16*g. Let d(m) = m**2 + 12*m - 2. Let a be d(-13). Let r = a - 18. Is u(r) composite?
True
Let i(d) = -2*d**3 - 4*d + 5. Suppose 2*q = 4*q + 8. Let m be -2 + (-4)/(-8)*q. Is i(m) composite?
False
Suppose 185 = 4*v - 2*v + 3*r, 4*r - 278 = -3*v. Is v composite?
True
Is (-228151)/(-105) - 2/(-15) prime?
False
Suppose o + 2*j - 12821 = 0, 4*o + 0*o + 5*j = 51293. Is o composite?
True
Let q = -17 + 20. Suppose 5*v - 4*z - 15069 = 0, 0*v + 9071 = q*v + 5*z. Is v composite?
True
Suppose 2*n = 3*q - 35711, 0*q - 3*n - 11906 = -q. Is q a prime number?
True
Suppose -1714 = -13*f + 25963. Is f prime?
True
Suppose -c - 5428 = -4*u, -1610 + 253 = -u - 4*c. Is u a prime number?
False
Let q(z) = 3*z + 5. Let u(g) = -3*g - 6. Let o(t) = -4*q(t) - 3*u(t). Let k be o(-3). Is (-1 - -5) + 945/k composite?
False
Suppose -4*o + 22281 = 7069. Is o composite?
False
Let z = 14 + -9. Suppose 2*n + 2 = 0, -59 = z*g - 3*n - 477. Is g a composite number?
False
Let g(i) = 4*i**3 - 2*i**2 + 5*i - 2. Let y(x) = -x**3 + x**2 + 1. Let p(d) = -g(d) - 2*y(d). Let w be p(-7). Let z = w - 468. Is z a prime number?
False
Let n be (1 - -5 - 5) + -2 + -1010. Suppose o - 99 = -2591. Let y = n - o. Is y composite?
False
Suppose 0 = -3*b - 3*g + g + 173979, 2*b - 115997 = -5*g. Is b composite?
False
Suppose -26 = 18*x - 19*x. Let w be -1 - 0/(-1) - -4. Suppose j = -j + 4*o + 12, j + w*o - x = 0. Is j a composite number?
True
Let l be (0 - 5)*(-8)/10. Suppose 2*z = 15 - 5. Suppose 3*b - 3*o - 702 = 0, z*b - o + l*o = 1210. Is b a composite number?
False
Suppose 15*v = 11*v + 3948. Suppose -3*b = -10*b + v. Is b prime?
False
Let c = 9 + -7. Suppose -15 = -i - c*i. Suppose -2*z - i*a + 531 = 95, z - 3*a - 229 = 0. Is z a prime number?
True
Let y be (0*(-1 - 0))/3. Suppose -4*s + 2*s + 444 = y. Suppose 0 = 2*t - s - 96. Is t a composite number?
True
Let s(r) = -r**3 + 79. Suppose -2*n = -6*n. Let k be s(n). Is (0 + k)/(6/6) a composite number?
False
Suppose 0*v - v = 2*n - 1, -5*v + 5 = 2*n. Suppose 5*s - 3*y = -n*y + 284, -4*s + 232 = -4*y. Is s composite?
True
Suppose 3*g = 473 - 113. Let l be g/32 - 1/(-4). Let t(u) = 3*u**2 - 2. Is t(l) composite?
True
Let w(m) be the first derivative of -2*m**2 + 13*m - 4*m**2 - 3*m**2 + 5*m**3 + 6*m**2 - 2. Is w(6) a composite number?
True
Let m be 5498/7 - 9/21. Suppose 6*y = y + m. Is y a prime number?
True
Suppose -2*q + 1433 = -l - 48, 3*q - 2221 = l. Let o = 1217 - q. Suppose 0*i + 3*i = o. Is i prime?
False
Let w = 4 - 2. Suppose p - 4*a + 12 = -a, a + 1 = w*p. Suppose p = z - 6. Is z a composite number?
True
Let z = 56 + -31. Suppose 4*a + 1 = z. Suppose -9*t + 429 = -a*t. Is t a composite number?
True
Is 1 - 4/1 - (-1357 - 7) a composite number?
False
Let u(b) = b**2 - 11*b + 3. Let i be u(10). Let z be 1 + i/((-7)/(-2)). Is (-1 + z)/(4/(-410)) composite?
True
Let w be (-72)/(-42) - (-4)/14. Suppose -2*t - 4 = -o - 4*o, -t - w = 2*o. Is -4 - (-89 - (o - 2)) a composite number?
False
Let k = -25 - -30. Suppose 0 = 4*j - k*q - 9927, 8330 = 3*j + 3*q + 878. Is j a composite number?
True
Let p(l) = -7*l**2 + 37*l + 4. Let z(i) = -3*i**2 + 18*i + 2. Let y(v) = -4*p(v) + 9*z(v). Let w be y(-13). Let m(g) = -43*g + 14. Is m(w) composite?
False
Let o be (-5)/(3/(-3)) + -3. Let y(r) = 14*r**2 - 3. Is y(o) composite?
False
Let t be (0 - 3)*(-36)/27. Suppose 0*b + t = -b. Is b/2 + 3 + 12 a composite number?
False
Is 394205/49 + 6 + 0 a prime number?
False
Let q(i) = -1551*i + 688. Is q(-5) a composite number?
False
Suppose -5*f + 15*i + 221544 = 16*i, -2*f + 4*i + 88622 = 0. Is f prime?
False
Suppose 9*p - 16051 - 53726 = 0. Is p composite?
False
Suppose -d - 3*y + 5 = 0, 4*d - 5 = 3*d + y. Suppose -3*z = 5*v - 6310, -v = -d*z - 4*v + 10490. Suppose -4*o = -9*o + z. Is o a composite number?
False
Suppose -20*h - 35091 = -2*k - 25*h, 2*h = 2. Is k prime?
False
Suppose 3*h = -2*h + 10. Suppose j - 288 = -h*j. Suppose 1244 - j = 4*p. Is p prime?
False
Suppose 39*n = 77*n - 889922. Is n a prime number?
False
Suppose 0 = 3*z - 6*z - 27. Let j be (-6)/z + (-4)/6. Suppose 5*t - 223 - 112 = j. Is t a composite number?
False
Let f(m) = -2*m + 2. Let r be f(18). Let u = r + 145. Is u a composite number?
True
Let a be (-16)/120 - 3484/(-30). Suppose 0 = -f + 25 + a. Is f a prime number?
False
Let x = 7932 + -2885. Suppose 10*s = x + 2923. Is s prime?
True
Let v = 39 + -68. Is v*(-6)/((-24)/(-20)) composite?
True
Is -2 + 4 + 5 - (-15601 - 5) a composite number?
True
Let o(s) = 31*s**2 + 7*s - 3. Let y be o(6). Suppose q = -n + y + 61, -6071 = -5*n - 2*q. Is n a prime number?
True
Suppose 0 = 3*s + 15, -6*s = g - 2*s - 281. Let x(r) = 5*r. Let l be x(1). Suppose 0*p = 4*p + l*j - 611, 0 = 2*p + j - g. Is p a prime number?
True
Let v = -64 - -52. Is -4 - (1 + -3)*(-210)/v a prime number?
True
Let h = -7 + 10. Suppose 6*g + 12 = -3*c + 2*g, -h*g = 3*c + 9. Suppose c = -v + 136 + 33. Is v a prime number?
False
Suppose -f + 337 + 132 = 4*h, 5*h = 5*f - 2220. Is f prime?
True
Let a(g) = 61*g**2 + 4*g - 61. Is a(6) a prime number?
False
Suppose 290*j - 287*j = 25401. Is j composite?
False
Let g(p) = -7 + 31*p**2 - 16*p**2 + 2*p**3 + 3*p - 16*p**2. Let u be g(7). Suppose 4*b - c = u, 0 = -4*b + 2*c + 353 + 297. Is b a composite number?
False
Let l = 3774 + -2120. Let s = 2439 - l. Is s composite?
True
Let i = 123 + -123. Suppose 1 = 3*g - 8. Suppose 5*m + l - 94 = g*m, i = 3*m + 3*l - 144. Is m a composite number?
True
Is (-16 - 363)*(1 - 2) prime?
True
Suppose -3*v - 3*f + 3 = -12, v - 4*f + 15 = 0. Let z be 0/v - 15*-107. Suppose 9*i = 14*i - z. Is i composite?
True
Suppose 4*u - 61800 = 74188. Is u a prime number?
True
Let g = 116 + -114. Let j(h) = 33*h**3 - 15*h**2 + 13*h + 9. Let n(r) = 16*r**3 - 7*r**2 + 6*r + 4. Let d(p) = -6*j(p) + 13*n(p). Is d(g) composite?
True
Let q = 15 + -24. Let i be 6/27 - (-2)/q. Suppose 3*r + 3*w - 2589 = i, -w = -5*r + w + 4329. Is r composite?
True
Let b(x) = x**2 - 7*x -